.
2, 3, 11, 41, 223253
List the prime factors of 80466634.
2, 19, 109, 19427
What are the prime factors of 316115306?
2, 13, 17, 715193
List the prime factors of 684084625.
5, 7, 29, 26959
What are the prime factors of 1304451072?
2, 3, 17, 23, 181
List the prime factors of 35094012.
2, 3, 79, 37019
List the prime factors of 69083266.
2, 7, 107, 431
List the prime factors of 168715819.
37, 4559887
List the prime factors of 1363347568.
2, 11, 89, 87037
List the prime factors of 2495027005.
5, 23, 113, 191999
What are the prime factors of 89472912?
2, 3, 733, 2543
What are the prime factors of 541965892?
2, 13, 10422421
List the prime factors of 606968568.
2, 3, 1669, 5051
List the prime factors of 33851039.
31, 331, 3299
List the prime factors of 32849421.
3, 11, 503, 1979
What are the prime factors of 156559969?
7129, 21961
What are the prime factors of 110644307?
4099, 26993
What are the prime factors of 172881575?
5, 31, 37, 6029
List the prime factors of 2051410908.
2, 3, 170950909
What are the prime factors of 220107269?
220107269
List the prime factors of 4053003301.
4053003301
List the prime factors of 753341378.
2, 509, 740021
What are the prime factors of 4037542883?
11, 19, 311, 5647
What are the prime factors of 3129412523?
7591, 412253
List the prime factors of 1160418344.
2, 47, 3086219
What are the prime factors of 201744705?
3, 5, 67, 191, 1051
What are the prime factors of 1471894249?
7, 210270607
What are the prime factors of 3814167519?
3, 9433, 44927
What are the prime factors of 122121090?
2, 3, 5, 7, 13, 31, 37
List the prime factors of 129904852.
2, 7, 11, 491, 859
What are the prime factors of 23550686?
2, 11775343
List the prime factors of 419016340.
2, 5, 17, 1232401
List the prime factors of 2791161687.
3, 930387229
List the prime factors of 114451611.
3, 19, 23, 67, 1303
List the prime factors of 63925656.
2, 3, 2663569
What are the prime factors of 13586069?
7, 281, 6907
What are the prime factors of 360631351?
7703, 46817
What are the prime factors of 114038570?
2, 5, 19, 600203
What are the prime factors of 4859830537?
31, 523, 299749
What are the prime factors of 189789587?
13, 14599199
What are the prime factors of 29795340?
2, 3, 5, 31, 83, 193
List the prime factors of 5158437850.
2, 5, 59, 1748623
What are the prime factors of 8120331801?
3, 902259089
What are the prime factors of 8976602?
2, 29, 154769
List the prime factors of 8148444884.
2, 19429, 104849
List the prime factors of 1765713064.
2, 151, 1461683
What are the prime factors of 311143336?
2, 7, 793733
What are the prime factors of 732361052?
2, 3391, 53993
What are the prime factors of 237236397?
3, 31, 179, 14251
List the prime factors of 126155451.
3, 197, 213461
List the prime factors of 83719758.
2, 3, 73, 191141
List the prime factors of 380229528.
2, 3, 7, 79, 28649
What are the prime factors of 1135094839?
21023, 53993
List the prime factors of 652496523.
3, 7, 193, 199, 809
What are the prime factors of 64973261?
6337, 10253
What are the prime factors of 73946149?
1579, 46831
List the prime factors of 3031431762.
2, 3, 71, 167, 42611
List the prime factors of 90287837.
90287837
List the prime factors of 55082447.
7, 23, 359, 953
List the prime factors of 121033705.
5, 13, 19, 23, 4261
What are the prime factors of 422386743?
3, 17, 23, 360091
List the prime factors of 12364094.
2, 6182047
List the prime factors of 248917992.
2, 3, 10371583
What are the prime factors of 15859854?
2, 3, 293701
What are the prime factors of 48598754?
2, 24299377
What are the prime factors of 1817720418?
2, 3, 83, 929, 3929
List the prime factors of 121229826.
2, 3, 23, 47, 18691
List the prime factors of 1643635747.
13, 59, 2142941
What are the prime factors of 343353805?
5, 68670761
What are the prime factors of 23054189?
23054189
What are the prime factors of 616658559?
3, 11, 269, 69467
What are the prime factors of 1108889115?
3, 5, 19, 204781
List the prime factors of 843416450.
2, 5, 73, 311, 743
What are the prime factors of 102910775?
5, 11, 17, 22013
What are the prime factors of 13920099?
3, 173, 26821
What are the prime factors of 141743196?
2, 3, 7, 62497
What are the prime factors of 24710420?
2, 5, 7, 176503
List the prime factors of 307946718.
2, 3, 19, 15797
What are the prime factors of 392548724?
2, 98137181
List the prime factors of 57314860.
2, 5, 2865743
What are the prime factors of 428781100?
2, 5, 11, 107, 3643
List the prime factors of 150177417.
3, 13, 3850703
List the prime factors of 143344344.
2, 3, 11, 13, 3797
List the prime factors of 363502347.
3, 13, 17, 103, 5323
List the prime factors of 84705919.
31, 2732449
List the prime factors of 41950220.
2, 5, 13, 17, 9491
List the prime factors of 991400872.
2, 7, 11, 1609417
List the prime factors of 475164292.
2, 53, 727, 3083
What are the prime factors of 676473818?
2, 6481, 52189
What are the prime factors of 102529534?
2, 5669, 9043
What are the prime factors of 8212158543?
3, 2737386181
What are the prime factors of 257204697?
3, 1787, 47977
What are the prime factors of 24570302?
2, 23, 534137
What are the prime factors of 155480558?
2, 77740279
What are the prime factors of 1000882045?
5, 200176409
List the prime factors of 6899411863.
31, 769, 289417
What are the prime factors of 177429483?
3, 7, 11, 256031
What are the prime factors of 34220186?
2, 7, 11, 13, 17093
What are the prime factors of 2938981314?
2, 3, 73, 2399, 2797
List the prime factors of 358155936.
2, 3, 89, 157
What are the prime factors of 3949890548?
2, 22003, 44879
What are the prime factors of 1621387038?
2, 3, 271, 997163
List the prime factors of 47996159.
47996159
What are the prime factors of 18403680?
2, 3, 5, 23, 1667
What are the prime factors of 14884448?
2, 19, 24481
What are the prime factors of 840536142?
2, 3, 79, 1773283
List the prime factors of 4361695681.
7, 1279, 487177
List the prime factors of 267060489.
3, 197, 451879
List the prime factors of 320652155.
5, 64130431
List the prime factors of 973938717.
3, 107, 1011359
List the prime factors of 3396141760.
2, 5, 11, 31, 31123
What are the prime factors of 55817351?
55817351
What are the prime factors of 143617620?
2, 3, 5, 2393627
List the prime factors of 223796110.
2, 5, 223, 100357
List the prime factors of 137958038.
2, 68979019
List the prime factors of 191761565.
5, 37, 113, 9173
What are the prime factors of 1076492785?
5, 17, 19, 666559
List the prime factors of 1835511671.
7, 241, 389, 2797
List the prime factors of 40792033.
53, 769661
What are the prime factors of 96382242?
2, 3, 11, 47, 10357
List the prime factors of 1373052117.
3, 457684039
List the prime factors of 7180342519.
7, 3613, 283909
List the prime factors of 463817559.
3, 1459, 105967
List the prime factors of 8347864779.
3, 37, 928469
List the prime factors of 625331984.
2, 61, 307, 2087
List the prime factors of 1244347999.
37, 73, 173, 2663
What are the prime factors of 238836119?
71, 383, 8783
List the prime factors of 62574767.
113, 553759
List the prime factors of 429201.
3, 103, 463
List the prime factors of 179990671.
7, 3673279
List the prime factors of 522834852.
2, 3, 29, 461, 3259
What are the prime factors of 456214865?
5, 1823, 50051
List the prime factors of 359962857.
3, 23, 1738951
What are the prime factors of 191785793?
191785793
What are the prime factors of 3921334?
2, 19, 37, 2789
What are the prime factors of 43745113?
61, 717133
What are the prime factors of 16687560?
2, 3, 5, 59, 2357
What are the prime factors of 2336594708?
2, 7, 4799, 17389
What are the prime factors of 742496940?
2, 3, 5, 197, 20939
What are the prime factors of 724551317?
7, 241, 311, 1381
What are the prime factors of 38027347?
38027347
List the prime factors of 282986037.
3, 31442893
List the prime factors of 889781377.
17, 52340081
What are the prime factors of 59346342?
2, 3, 11, 193, 1553
What are the prime factors of 40209774?
2, 3, 11, 137, 4447
What are the prime factors of 138908258?
2, 17, 4085537
List the prime factors of 452643687.
3, 29, 293, 1973
List the prime factors of 123719222.
2, 11, 19, 41, 7219
List the prime factors of 2016045061.
2016045061
What are the prime factors of 36602548?
2, 9150637
List the prime factors of 8879961.
3, 967, 306